. Determine z(-5).
-6
Let d be (-1)/(5/3)*-5. Suppose -4*s = -0*s - d*m + 22, 2*m + 8 = -3*s. Let l(w) = w**2 + 8*w + 10. Let t be l(s). Let g(b) = b**2 + 7*b + 7. What is g(t)?
1
Let d(z) = -3*z**2 - 5*z - 12. Let c(m) = 6*m**2 + m - 5*m**2 + 4 + m. Let p(u) = 7*c(u) + 2*d(u). Determine p(-3).
1
Let f(z) = -z + 6. Suppose 16*l - 19*l + 22 = -2*i, 2*i - 2 = -l. Give f(l).
0
Let a(g) be the first derivative of g**2/2 + 5*g + 32. Calculate a(4).
9
Let c(k) be the second derivative of -k**5/20 + 5*k**4/12 - k**3 + 2*k**2 - k + 12. Determine c(3).
4
Let u = -696 + 700. Let m(b) = -b**2 + 4*b - 4. Calculate m(u).
-4
Let y(a) = -a - 6. Suppose 4*u - 3*u = -15. Let b = u + 15. Give y(b).
-6
Let h(b) be the first derivative of -b**2/2 + 8*b - 19. Determine h(-6).
14
Let x be (-2)/(7/(-2) + 3). Let j(l) = l**2 - 9*l - 7 + x*l**2 - 6*l**2. Let k be 504/210*(-10)/4. Give j(k).
11
Let o(l) = -l - 13. Let v(p) = p + 14. Let k(q) = 7*o(q) + 6*v(q). Calculate k(-10).
3
Let w = -8 - -25. Let r = w - 21. Let p(y) = -y**2 - 2*y + 3. What is p(r)?
-5
Let w = -103 - -93. Let m(g) = g + 23. Calculate m(w).
13
Let u = -122 + 125. Suppose 0 = -12*d - 9 - u. Let g(s) = -21*s**2 - 1. Determine g(d).
-22
Let j = 104 + -101. Let k(s) = -12*s**2 + s - s**3 + 15*s**2 - j*s**2. Give k(-1).
0
Let x(t) be the third derivative of 1/6*t**4 - 4*t**2 + 2/3*t**3 + 1/120*t**6 + 1/20*t**5 + 0*t + 0. Suppose -5 = n - 2. Calculate x(n).
-8
Let f(w) be the first derivative of w**6/360 - w**5/24 - w**4/8 - w**3 - 11. Let z(o) be the third derivative of f(o). Calculate z(6).
3
Let d(t) = -t + 1. Suppose 0 = 3*i - 5*i - 2. Suppose 11*c + 2 = -20. Let m be c/(-2) + 3 - i. What is d(m)?
-4
Let y(z) = -z**3 + z - 1. Let w = 25 + -24. Let b be (w - 3)*(-5)/10. Give y(b).
-1
Let k(d) = -7*d**2 + 28*d - 23. Let g(i) = -3*i**2 + 13*i - 11. Let u(b) = -9*g(b) + 4*k(b). What is u(-7)?
-7
Let u(k) = 2*k**3 + 16*k**2 + k + 4. Let d be u(-8). Let q(y) = -y**3 - 6*y**2 - 10*y - 5. Calculate q(d).
3
Let o(a) = -a**2 - 2*a - 1. Let f = -16 + 21. Suppose -f = r - 2*d, 5*d + 3 + 1 = -3*r. Determine o(r).
-4
Let r(a) = a**3 + a**2 - 2*a. Let d = -1066 - -1063. Calculate r(d).
-12
Let t(q) = -q - 16. Let r be t(5). Let c(b) = -b**3 - 23*b**2 - 43*b - 29. Give c(r).
-8
Let q(i) be the second derivative of i**4/12 - 7*i**3/6 + 7*i**2 - 10*i + 9. What is q(10)?
44
Suppose 5*p = -20 - 0. Let i = p - -7. Let n(r) = -4*r. Let a(m) = -2*m. Let g(w) = 11*a(w) - 6*n(w). Calculate g(i).
6
Let r(t) = t + 11. Let o be (-5 - -3)*1/2. Let f(p) = 5*p**3 + 2*p + 1. Let b be f(o). Calculate r(b).
5
Suppose -12 + 12 = 18*d. Let q(f) = f + 16. Determine q(d).
16
Let n be 2 - (-1 + 0 + 1). Let a be (2/2)/(n/38). Let j = 18 - a. Let c(g) = 2*g**3 + g**2 - 1. Give c(j).
-2
Let n(m) = m**2 + 4*m - 6. Let v(i) = -i**3 + 8*i**2 - 7*i. Let a be v(7). Let r be -2 - ((4 - 0) + a). Let t be n(r). Let o(d) = d + 3. Calculate o(t).
9
Let k(q) be the first derivative of q**2/2 - 8*q + 593. Determine k(-7).
-15
Let d be (-8432)/816 + 1*11. Let g(k) be the first derivative of -3*k + 1 + 2*k**2 - d*k**3. Determine g(2).
-3
Suppose 21 - 5 = 4*v. Let u be (-13)/(-4) - 1/v. Let a(q) = -2*q + 3*q - u*q. What is a(-3)?
6
Let x(u) = 16*u**2 - 6*u**2 - 9*u**2 - 7 + 35 - 17*u. Let y be x(15). Let o(k) = -k**3 - 2*k**2 - 2*k + 2. Give o(y).
6
Suppose -2*s = 3*o, 0 = -o + 3*s + 9 + 2. Let x(n) = -2*n + 5*n**2 + 4*n**o + 3*n. Calculate x(-1).
8
Let f(y) = y - 5. Let p be f(7). Let a(b) = 2*b - 8*b + b**p + b**3 + 5*b. What is a(0)?
0
Let w(z) = z**3 - 3*z**2 - 4*z + 5. Let y be (-12)/18 - (-152)/(-6). Let o = y - -30. What is w(o)?
5
Let c(o) = -4*o**2 + 49*o - 8. Let s be c(12). Let k(h) = h**3 - 14*h - 5. Calculate k(s).
3
Let r(t) = 2 + 4*t**3 - 5*t**3 - 7 + 7 + 4*t**2. Suppose 17 = -2*i + 5*k, 0 = -4*i + 5*k + 4 - 13. Determine r(i).
2
Let o(b) = 21*b + 6. Let p(i) = 47*i + 15. Let x(z) = -9*o(z) + 4*p(z). Suppose 4*d + 5*g - 36 = 0, -2*g = -3*d + 9 + 18. Give x(d).
-3
Let d(z) = 4*z**2 - 9*z - 2. Let c(j) = 11*j**2 - 27*j - 4. Let l(q) = 3*c(q) - 8*d(q). What is l(6)?
-14
Suppose -4*t = -4 - 0. Let r(q) be the first derivative of 4 - 5/2*q**2 - q. Determine r(t).
-6
Let p(k) = -k**2. Let f be -1 - -1*(4 + -2). Let c be (f - 2)*(-4)/(-2). Calculate p(c).
-4
Let h = -190/51 - -69/17. Let k(q) be the second derivative of 8*q - 1/10*q**5 - h*q**3 + 0 + q**2 + 1/4*q**4. Calculate k(2).
-6
Suppose -5*w = m + m + 27, 5*w + 33 = -3*m. Let f = -13 - m. Let a(k) = -3 + 1 + 3 - 7*k - k**2. Determine a(f).
1
Let j(l) = -8*l - 1. Suppose -3*r = 5*m + 15, 5*r + 4*m = -10 - 2. Let t = 5 - r. Suppose -5 = -t*b - 0. Calculate j(b).
-9
Let f(m) be the second derivative of m**4/12 + 2*m**3/3 - m**2/2 - 341*m. Calculate f(1).
4
Let z(n) = 4*n**2 + 7*n + 1. Let a(l) = 5*l**2 + 9*l. Let k(c) = 3*a(c) - 4*z(c). What is k(-3)?
-10
Let p(n) = 7*n - 3. Let d(m) = -m**3 - m**2 + m + 1. Let i(w) = 2*d(w) - p(w). Let g(r) = 4*r**3 + 3*r**2 + 9*r - 9. Let h(b) = 4*g(b) + 7*i(b). What is h(2)?
9
Let a = -193 - -195. Let h(p) = 2 - p - 2*p**2 + 3*p**2 - p. Determine h(a).
2
Let x(u) = -u**2 - 5*u. Let y(w) = -15*w - 80. Let s be y(-5). Determine x(s).
0
Suppose -r + v + 2 = 0, 5*r - 2*r = 5*v + 6. Let s(a) = -a**3 - 4*a + 2*a + 5*a - 2*a + 3*a**r. Give s(4).
-12
Let f(s) = -14*s**3 - 33*s**2 - 16*s - 23. Let q(p) = 5*p**3 + 11*p**2 + 5*p + 8. Let w(t) = -4*f(t) - 11*q(t). Give w(-10).
14
Suppose 4*a = 5*q + 15, 5*q + 3 - 18 = -2*a. Let y(j) = 3 + j + 5 - 2 - a - j**2. Let i(f) = 7*f**2 - 5*f - 7. Let s(t) = -i(t) - 6*y(t). Determine s(0).
1
Let g(a) = -306*a - 4 + 1 + 305*a + 2. Determine g(9).
-10
Let q(a) = -9*a**3 - 6*a**2 + 3*a + 6. Let n(o) = -11*o**3 - 6*o**2 + 5*o + 7. Let v(m) = 4*n(m) - 5*q(m). Give v(-4).
10
Let k = 447 - 441. Let c(x) be the second derivative of k*x + 1/2*x**3 + 5/12*x**4 + 1/2*x**2 + 0 + 1/20*x**5. Calculate c(-4).
5
Let b be (-3225)/(-1290)*(0 - 12/(-10)). Let j(k) = 0 + 2*k + 2*k - 3 - k. Calculate j(b).
6
Let j(k) = 27*k - 8. Let c(r) = 58*r - 17. Let p(b) = -6*c(b) + 13*j(b). Determine p(7).
19
Suppose 0 = -17*o + 5*o. Suppose 2*z - 6 = o, 2*g - 3*z = -0*z - 17. Let d(q) be the third derivative of q**4/12 + 5*q**3/6 + q**2. What is d(g)?
-3
Let u(f) = -5*f**3 + 2*f**2 + 2*f + 1. Suppose c = -c - 2*v - 12, 4*c - 1 = v. Calculate u(c).
6
Suppose 0*z - 4 = -2*z. Let q be (-60)/10 - 2*-6. Let v(u) = q*u**z + 5 - 9*u - u**3 + 4*u + 5*u. What is v(6)?
5
Let h(r) be the third derivative of -r**5/15 + r**3/6 - 4*r**2. Let b = 6 - 3. Suppose -g + b*l = l - 5, -3*g = -2*l - 3. What is h(g)?
-3
Let f = 20 + 6. Let c(j) = f*j - 8*j + 4 - 10*j - 7*j. Calculate c(3).
7
Let l(u) = -u**3 + 39*u - 7. Let v be l(6). Let h(s) = 2*s - 16. Give h(v).
6
Let b be 2/6 + (-100)/(-60). Let n(k) = -k + 5*k**3 + 2*k**3 - 3*k**2 + 2*k**b. Give n(-1).
-7
Let i(d) be the third derivative of d**6/120 + d**5/15 - d**4/24 + 2*d**3/3 + 10*d**2 - 15*d. Let o = -5 + 1. Calculate i(o).
8
Let s = 784 + 770. Let k be s/189 + 4/(-18). Let b(y) = y**3 - 7*y**2 - 10*y + 11. Give b(k).
-5
Let i(k) = -16 - k - 18 + 33. Let x(s) = s**3 - 2*s. Let p be x(2). What is i(p)?
-5
Let a(b) = 1 - 10*b - b**2 - 2 + 2*b. Let u be -1 - (37/7 - 14/49). Calculate a(u).
11
Let n(q) = 11*q + 7. Let y(h) = h**3 - h**2 - 13*h + 2. Let o be y(4). What is n(o)?
-15
Let b(p) = -2*p - 11. Let s be b(-9). Suppose 3*t - 4 = -n - s, 0 = 2*n + 3*t + 6. Let a(v) = -v**3 - 3*v**2 + v - 2. Calculate a(n).
-5
Let t(d) = 6*d - 1. Let o(k) = -k**2 + 3*k + 244. Let p be o(-14). Determine t(p).
35
Let l(b) = -5*b. Let x(d) = -d + 1. Let a(f) = -9*f + 7. Let u(v) = 2*a(v) - 14*x(v). Let w(k) = 3*l(k) - 4*u(k). Calculate w(3).
3
Let u(v) = 9*v**2 + 3*v - 2. Let n be u(1). Let a(x) = 2 - x + 8 - n. Give a(-2).
2
Let d(a) = -3*a - 4 + 6 + 3*a - 2*a. What is d(-7)?
16
Let b(p) be the second derivative of 0 - 5/6*p**3 + 3*p**2 + 28*p - 1/12*p**4. Determine b(-6).
0
Let h(a) = 2*a + 6. Let z = 57 - 50. Give h(z).
20
Let g = -576 + 577. Let u(t) = -6*t - 4*t + 3*t - 1. Give u(g).
-8
Let h(b) = b**3 + 7*b + 2. Let c(l) = l**2 + l + 1. Let p be 3/(9/(-48)*-4). Let f(g) = p*c(g) - h(g). Determine f(3).
2
Let n(h) be the first derivative of 4*h**2 + h - 47. Determine n(-2).
-15
Suppose 0 = -4*w - 2*i + 12, 15*w + 5*i = 20*w + 15.